mber?
False
Let k(j) = 9*j**2 - 2*j - 56. Is k(-17) prime?
True
Let g = 185 - 180. Let a(i) = 130*i**2 - 4*i + 2. Let j be a(4). Suppose -j + 7651 = g*u. Is u a composite number?
False
Suppose -152 + 117 = 5*c. Let y(i) be the third derivative of -i**6/120 - i**5/20 + 3*i**4/8 - i**3 + i**2. Is y(c) prime?
True
Let q(a) = a**3 + 473*a - 473*a + a**2 + 60. Let h be q(0). Is (291/(-4))/((-9)/h) a prime number?
False
Let g be 2/(-4)*14/7. Let a(w) = -w. Let z(o) = -52*o + 1. Let l(p) = 2*a(p) + z(p). Is l(g) composite?
True
Let v = -50 + 54. Suppose -4*f - 5*i = -7*f + 578, -f - v*i + 187 = 0. Is f composite?
False
Let g(u) = -157*u - 1. Let m(q) = 156*q + 1. Let a(w) = 3*g(w) + 2*m(w). Is a(-4) composite?
True
Let x = -3412 + 20181. Is x composite?
True
Let o = -21803 + 31285. Suppose -4*r - i = 1658 - 9237, -4*i + o = 5*r. Is r a prime number?
False
Let y(a) = -8334*a + 17. Is y(-1) a composite number?
True
Let i(b) = 8*b + 25. Let z(y) = -7*y - 26. Let x(h) = -3*i(h) - 2*z(h). Is x(-15) composite?
False
Let p = -35 + 530. Suppose 1934 + p = 7*k. Is k a composite number?
False
Suppose 0*b - 18270 = -2*b + 4*t, -5*t = -4*b + 36537. Is b a composite number?
False
Let m(o) = 7*o**3 - 3*o**2 + 17*o + 31. Let t(a) = -3*a**3 + a**2 - 9*a - 15. Let h(c) = -4*m(c) - 9*t(c). Is h(-9) a prime number?
False
Suppose 0 = 4*d - 0*d + 7052. Let m = -592 - d. Is m a prime number?
True
Is (-147)/21 + 130176/4 a prime number?
True
Let n be (-14)/63 + (-4)/(-18). Suppose -8*k - 1287 + 319 = n. Let q = k - -174. Is q a composite number?
False
Let c(u) = -u**2 + 5*u + 1. Let g be c(5). Let f(s) = -2*s + g - 1 + 26*s**2 - 2. Is f(-1) a prime number?
False
Suppose 56*h - 70*h = -3542. Is h composite?
True
Suppose -4*o - 16 + 4 = 0. Is 624/4 + 2 + (-2 - o) prime?
False
Is 12/8 + -5 + (-5037)/(-2) a composite number?
True
Let b be (71000/(-36))/10 + 2/9. Let g = -110 - b. Is g composite?
True
Is 18/45*10 - -1065 prime?
True
Suppose -10*h - 3*t + 32552 = -5*h, 0 = h - 2*t - 6513. Is h composite?
True
Let r = 429 - -35. Let f = 1491 - r. Is f prime?
False
Let l = 5643 - -110. Is l composite?
True
Suppose -4*i = 6 + 6. Let y(q) = -2*q**2 + 5*q + 3. Let o be y(i). Is (-9)/(-5 + 2) - o a composite number?
True
Let g(q) = 88*q - 163. Is g(24) composite?
False
Suppose -z - t + 2 = 0, -5*t + 14 = -z - 8. Is (-3455 - z)*4/(-6) a prime number?
False
Suppose 2*u - 86 - 1403 = -p, -u - 4*p + 741 = 0. Is u a prime number?
False
Is ((-533)/(-2))/(-13)*-34 prime?
False
Let s be (-48)/(-15) - 5/((-50)/8). Suppose -s*u + 1060 = 6*u. Is u composite?
True
Let t be (-140543)/(-117) - 2/9. Suppose 5*g - t = 114. Is g a composite number?
False
Suppose -5*x + 4*g = 122, -2*g + 98 = -4*x + g. Let l = x + 29. Suppose l*v - 690 = -3*v. Is v composite?
True
Let n = -5334 - -9181. Is n a prime number?
True
Let u(h) = 2*h**2 - h. Let i(q) = -q**2 + 4*q - 2. Let v be i(3). Let d be u(v). Is (2/d)/((-2)/(-11)) prime?
True
Suppose 4*a = -t + 5*a + 442, t - 2*a - 437 = 0. Is t composite?
True
Suppose 15 = -6*k + 11*k. Let p(a) = a**2 - 2*a + 2. Let g be p(k). Suppose 0 = -g*b + 2*m + 5445, -4*m = 5*b - 3*m - 5430. Is b a composite number?
False
Suppose m + 3*p = 2*m + 2, -5*m + 3*p = -14. Suppose 3*d = d + m. Suppose c = 5*b + 265, -317 = -2*c - d*b + 213. Is c a prime number?
False
Let v = 7203 - 5050. Let y = -1174 + v. Is y composite?
True
Suppose -4*u + 7*u = -60. Is 12/u - (-3864)/15 prime?
True
Suppose -5*n + 28 = -3*n. Let i(s) = s**3 - 10*s**2 - 12*s + 25. Is i(n) a composite number?
False
Let k(m) = -155*m - 7. Let h be k(-4). Let y = -294 + h. Is y prime?
False
Let k(d) = 55*d**2 - 30*d - 8. Is k(5) prime?
True
Let h be 4*(106/4 + -3). Let f = h - 15. Is f prime?
True
Let x(b) = -b**3 + 5*b**2 + 6*b. Let o be x(6). Suppose 46 = -o*j + j. Suppose -j + 199 = 3*m. Is m prime?
False
Let w = 18318 - 2175. Is w prime?
False
Let i(a) = 3*a + 3. Let z(v) = v + 10. Let t be z(-7). Suppose t*g + 8 = 5*g. Is i(g) prime?
False
Let z(b) = -b - 36. Let y be z(-24). Is (-3)/(-2)*(-2 - 11104/y) a composite number?
True
Is (3 + 3 + 425)*17 composite?
True
Suppose -5*f + 11 = -4*f - 5*u, 3*u + 9 = 0. Let m = f + 4. Suppose x + 2*x = 4*k + 329, -2*x + 2*k + 216 = m. Is x prime?
True
Is 31197*-1*3/(-9) composite?
False
Suppose 37 = -18*n + 199. Suppose 5 = 2*r + 1. Is (-6)/n*(-141)/r composite?
False
Suppose -4*m + 4*c + 16 = 0, -m + 7*c = 2*c - 12. Is (m + 3399/6)*(-8)/(-12) composite?
False
Is 36 + 3662 - -1*2/(-2) a prime number?
True
Let g(a) = -a**2 - 2*a + 33. Let k(x) = 2*x**3 - 3*x**2 - x - 3. Let p be k(3). Let l = p + -21. Is g(l) prime?
False
Is ((-18398)/4)/(2/(-14 + 10)) a composite number?
False
Let f be (-3)/(-4) + 1731/12. Suppose o - f = -4*o. Suppose -3*x + 105 = h, -5*h + o = x - 6. Is x prime?
False
Suppose 3434 = 2*v + 3*a - 7*a, 1721 = v - 3*a. Is v composite?
False
Let j(s) = -s**2 - 3*s - 2. Let m be j(-2). Let v be (2/(-3))/((-2)/912). Suppose -5*k + 3*p + v = -m*k, k - 68 = 3*p. Is k a composite number?
False
Let z(v) be the third derivative of 1/60*v**5 - 1/24*v**4 + 0*v + 0 + 127/6*v**3 + 3*v**2. Is z(0) a composite number?
False
Let t = 2400 - 1198. Suppose 3*x = -4*k + t, 3 = 2*x - 1. Is k composite?
True
Suppose 19 = -4*j + 47. Let b = j - 4. Suppose b*x - 168 = -3*p, x = 5*x + 8. Is p prime?
False
Let q(l) = 108*l**2 + 30*l + 155. Is q(-9) composite?
True
Let p(q) = -1. Let m(g) = 148*g + 8. Let d(v) = m(v) + 4*p(v). Let z be d(2). Suppose 3*k - 453 - z = 0. Is k prime?
True
Suppose 4*t + t - 5*r - 25 = 0, -5*r = 0. Suppose 128 = p + t*g, 6*p + 3*g = 2*p + 461. Is p a composite number?
False
Suppose -v + 25419 = -3*k + 95002, 69593 = 3*k + 4*v. Is k a composite number?
True
Let u = 8206 - 3879. Is u composite?
False
Let q = 20 + -537. Is (-1 - (3 - q))*-1 prime?
True
Suppose 3*o - 4*v = -0*v + 18, 0 = 2*v. Let q = 63 - -25. Is q/o - (-7)/21 composite?
True
Let z be 2/10 + 57/15. Suppose z*g - 2272 - 947 = -3*t, 3*g = 9. Is t a composite number?
False
Suppose -i + 2*i + 425 = -5*y, -5*y + 5*i = 425. Is 3474/10 - (-34)/y a composite number?
False
Let f(g) = -2*g - 3. Let b be f(-4). Suppose b*n - 15 = 0, 5*s + 0*n - 3*n = -279. Let q = 109 + s. Is q a prime number?
False
Suppose 0 = 2*k - 21 + 5. Let o be (-2)/7*(-28)/k. Is 2/o*9445/10 composite?
False
Let l(d) = 565*d**3 + d - 1. Let s be l(1). Suppose -p = 4*j + 1078, 0 = -5*j + 4*p - 590 - 768. Let u = s + j. Is u composite?
True
Let p(l) = -3*l**3 - 5*l**2 + 2. Let f be p(-5). Let q = f - -22. Is q prime?
False
Let v(c) = 17*c**3 + 6*c**2 + 19*c - 19. Is v(7) composite?
True
Suppose -4*a = -3*d + 3109, 3*d - 2481 = -4*a + 644. Is d a composite number?
False
Suppose -5*z + 3*n + 32173 = 0, -7*n + 4*n - 25736 = -4*z. Is z a composite number?
True
Suppose -6*i + 5253561 = 45*i. Is i composite?
True
Suppose -5*o + 17 = -4*m, 0*o - 5*m + 20 = 2*o. Suppose h = o*h + 3*s - 919, 2*h = 2*s + 470. Suppose -4*f + 116 = -h. Is f prime?
False
Let d = 497 - -134. Is d a composite number?
False
Let h = 409 - 251. Is h a composite number?
True
Let x = 669 - 445. Let r = 155 + x. Is r composite?
False
Let m(u) be the first derivative of u**3/3 - u**2 + u - 7. Let y be m(1). Suppose 5*a + 2*f - 247 = y, 0*a + 173 = 3*a - 5*f. Is a a prime number?
False
Suppose 206 - 1543 = -k. Let r = -670 + k. Is r composite?
True
Suppose 7506 = -2*s + 5*s. Suppose 4*a - 2*b - 2496 = -0*a, 4*a - 5*b - s = 0. Is a composite?
True
Let t(r) = -3*r - 3. Let c be t(-2). Suppose 21 = -0*y + c*y. Let k(w) = w**3 - 5*w**2 - 2*w - 1. Is k(y) composite?
False
Suppose -m = -31 - 54. Let a(k) = -6*k - 12. Let c be a(4). Let x = c + m. Is x prime?
False
Let b(h) = 13*h + 35. Let v be b(-3). Suppose -3*p = 0, g - 3*p = 4*g - 12. Is ((-670)/g)/(v/8) prime?
False
Suppose -13*u + 57*u - 9812 = 0. Is u a composite number?
False
Suppose 34995 = 4*i + v, -22839 - 20911 = -5*i + 5*v. Is i a prime number?
False
Let n(w) = -159*w - 67. Suppose -146*h + 149*h = -42. Is n(h) a composite number?
True
Suppose -11*c = -31*c + 384140. Is c composite?
False
Let t(r) = -136*r**3 - 6*r**2 + 2*r + 11. Is t(-4) composite?
True
Let n be 526*(-15)/(-24)*4. Suppose 3*x - n = -58. Is x prime?
True
Let q = -12173 - -21742. Is q prime?
False
Let v(s) = 16*s**3 + 2*s**2 + s + 1. Let r be v(2). Su